{"id":23,"date":"2022-07-11T18:41:26","date_gmt":"2022-07-11T16:41:26","guid":{"rendered":"https:\/\/achalvin.lautre.net\/achalvin\/pargny\/?page_id=23"},"modified":"2022-09-02T00:34:06","modified_gmt":"2022-09-01T22:34:06","slug":"a-propos-de","status":"publish","type":"page","link":"https:\/\/www.pargny-la-dhuys.fr\/","title":{"rendered":"\u00c0 propos de"},"content":{"rendered":"\n<p class=\"has-black-color has-text-color\">Pargny-la-Dhuys est un village d&rsquo;environ 170 habitants qui fait partie de la communaut\u00e9 d&rsquo;agglom\u00e9ration de Ch\u00e2teau-Thierry, dans le sud de l&rsquo;Aisne. Il est le point de d\u00e9part de l&rsquo;aqueduc de  la Dhuys, construit sous le Second Empire, qui alimente aujourd&rsquo;hui en eau potable le territoire de Val d\u2019Europe Agglom\u00e9ration (Marne-la-Vall\u00e9e). Les habitants du village s&rsquo;appellent les Pargnysiens et les Pargnysiennes.<\/p>\n\n\n\n<p class=\"has-black-color has-text-color\">Le pr\u00e9sent site, publi\u00e9 conjointement par la mairie et le comit\u00e9 des f\u00eates du village, est encore en cours de construction. Si vous avez chez vous des cartes postales ou des photos anciennes de Pargny ou des informations sur l&rsquo;histoire du village qui pourraient venir enrichir le site, n&rsquo;h\u00e9sitez pas \u00e0 nous contacter.<\/p>\n","protected":false},"excerpt":{"rendered":"<p>Pargny-la-Dhuys est un village d&rsquo;environ 170 habitants qui fait partie de la communaut\u00e9 d&rsquo;agglom\u00e9ration de Ch\u00e2teau-Thierry, dans le sud de l&rsquo;Aisne. Il est le point de d\u00e9part de l&rsquo;aqueduc de la Dhuys, construit sous le Second Empire, qui alimente aujourd&rsquo;hui en eau potable le territoire de Val d\u2019Europe Agglom\u00e9ration (Marne-la-Vall\u00e9e). Les habitants du village s&rsquo;appellent&hellip; <a class=\"more-link\" href=\"https:\/\/www.pargny-la-dhuys.fr\/\">Poursuivre la lecture <span class=\"screen-reader-text\">\u00c0 propos de<\/span><\/a><\/p>\n","protected":false},"author":1,"featured_media":245,"parent":0,"menu_order":0,"comment_status":"closed","ping_status":"closed","template":"","meta":{"footnotes":""},"class_list":["post-23","page","type-page","status-publish","has-post-thumbnail","hentry","entry"],"_links":{"self":[{"href":"https:\/\/www.pargny-la-dhuys.fr\/index.php?rest_route=\/wp\/v2\/pages\/23","targetHints":{"allow":["GET"]}}],"collection":[{"href":"https:\/\/www.pargny-la-dhuys.fr\/index.php?rest_route=\/wp\/v2\/pages"}],"about":[{"href":"https:\/\/www.pargny-la-dhuys.fr\/index.php?rest_route=\/wp\/v2\/types\/page"}],"author":[{"embeddable":true,"href":"https:\/\/www.pargny-la-dhuys.fr\/index.php?rest_route=\/wp\/v2\/users\/1"}],"replies":[{"embeddable":true,"href":"https:\/\/www.pargny-la-dhuys.fr\/index.php?rest_route=%2Fwp%2Fv2%2Fcomments&post=23"}],"version-history":[{"count":18,"href":"https:\/\/www.pargny-la-dhuys.fr\/index.php?rest_route=\/wp\/v2\/pages\/23\/revisions"}],"predecessor-version":[{"id":555,"href":"https:\/\/www.pargny-la-dhuys.fr\/index.php?rest_route=\/wp\/v2\/pages\/23\/revisions\/555"}],"wp:featuredmedia":[{"embeddable":true,"href":"https:\/\/www.pargny-la-dhuys.fr\/index.php?rest_route=\/wp\/v2\/media\/245"}],"wp:attachment":[{"href":"https:\/\/www.pargny-la-dhuys.fr\/index.php?rest_route=%2Fwp%2Fv2%2Fmedia&parent=23"}],"curies":[{"name":"wp","href":"https:\/\/api.w.org\/{rel}","templated":true}]}}